{"id":50,"date":"2025-12-05T05:25:45","date_gmt":"2025-12-05T05:25:45","guid":{"rendered":"https:\/\/bebii.store\/?page_id=50"},"modified":"2025-12-05T06:22:07","modified_gmt":"2025-12-05T06:22:07","slug":"gioi-thieu","status":"publish","type":"page","link":"https:\/\/bebii.store\/index.php\/gioi-thieu\/","title":{"rendered":"Gi\u1edbi Thi\u1ec7u"},"content":{"rendered":"\n<figure class=\"wp-block-image size-large\"><img fetchpriority=\"high\" decoding=\"async\" width=\"1024\" height=\"572\" src=\"https:\/\/bebii.store\/wp-content\/uploads\/2025\/12\/z7295017869383_81def3ead47bc0854fd6bf45fddaa8cf-1-1024x572.jpg\" alt=\"\" class=\"wp-image-128\" srcset=\"https:\/\/bebii.store\/wp-content\/uploads\/2025\/12\/z7295017869383_81def3ead47bc0854fd6bf45fddaa8cf-1-1024x572.jpg 1024w, https:\/\/bebii.store\/wp-content\/uploads\/2025\/12\/z7295017869383_81def3ead47bc0854fd6bf45fddaa8cf-1-scaled-600x335.jpg 600w, https:\/\/bebii.store\/wp-content\/uploads\/2025\/12\/z7295017869383_81def3ead47bc0854fd6bf45fddaa8cf-1-300x167.jpg 300w, https:\/\/bebii.store\/wp-content\/uploads\/2025\/12\/z7295017869383_81def3ead47bc0854fd6bf45fddaa8cf-1-768x429.jpg 768w, https:\/\/bebii.store\/wp-content\/uploads\/2025\/12\/z7295017869383_81def3ead47bc0854fd6bf45fddaa8cf-1-1536x857.jpg 1536w, https:\/\/bebii.store\/wp-content\/uploads\/2025\/12\/z7295017869383_81def3ead47bc0854fd6bf45fddaa8cf-1-2048x1143.jpg 2048w, https:\/\/bebii.store\/wp-content\/uploads\/2025\/12\/z7295017869383_81def3ead47bc0854fd6bf45fddaa8cf-1-1320x737.jpg 1320w\" sizes=\"(max-width: 1024px) 100vw, 1024px\" \/><\/figure>\n\n\n\n<ul class=\"wp-block-list\">\n<li><strong>S\u1ee9 m\u1ec7nh<\/strong><\/li>\n<\/ul>\n\n\n\n<p>-Mang \u0111\u1ebfn s\u1ea3n ph\u1ea9m thu\u1ea7n khi\u1ebft v\u00e0 an to\u00e0n tuy\u1ec7t \u0111\u1ed1i cho tr\u1ebb nh\u1ecf, \u0111\u01b0\u1ee3c l\u00e0m t\u1eeb y\u1ebfn m\u1ea1ch v\u00e0 tr\u00e1i c\u00e2y h\u1eefu c\u01a1 t\u1ef1 nhi\u00ean, kh\u00f4ng ch\u1ea5t b\u1ea3o qu\u1ea3n, kh\u00f4ng \u0111\u01b0\u1eddng tinh luy\u1ec7n, kh\u00f4ng h\u01b0\u01a1ng li\u1ec7u nh\u00e2n t\u1ea1o.<\/p>\n\n\n\n<p>-\u0110\u1ed3ng h\u00e0nh c\u00f9ng cha m\u1eb9 trong h\u00e0nh tr\u00ecnh nu\u00f4i d\u01b0\u1ee1ng con b\u1eb1ng dinh d\u01b0\u1ee1ng l\u00e0nh m\u1ea1nh gi\u00fap b\u00e9 h\u00ecnh th\u00e0nh th\u00f3i quen \u0103n u\u1ed1ng c\u00e2n b\u1eb1ng.<\/p>\n\n\n\n<p>-G\u00f3p ph\u1ea7n b\u1ea3o v\u1ec7 m\u00f4i tr\u01b0\u1eddng v\u00e0 h\u1ec7 sinh th\u00e1i th\u00f4ng qua quy tr\u00ecnh s\u1ea3n xu\u1ea5t b\u1ec1n v\u1eefng, s\u1eed d\u1ee5ng bao b\u00ec th\u00e2n thi\u1ec7n v\u00e0 ngu\u1ed3n nguy\u00ean li\u1ec7u an to\u00e0n.<\/p>\n\n\n\n<ul class=\"wp-block-list\">\n<li><strong>T\u1ea7m nh\u00ecn<\/strong><\/li>\n<\/ul>\n\n\n\n<p>Tr\u1edf th\u00e0nh th\u01b0\u01a1ng hi\u1ec7u ti\u00ean phong trong l\u0129nh v\u1ef1c th\u1ef1c ph\u1ea9m \u0103n d\u1eb7m h\u1eefu c\u01a1 v\u00e0 thu\u1ea7n chay d\u00e0nh cho tr\u1ebb em t\u1ea1i Vi\u1ec7t Nam v\u00e0 khu v\u1ef1c mang \u0111\u1ebfn kh\u1edfi \u0111\u1ea7u l\u00e0nh m\u1ea1nh v\u00e0 tr\u1ecdn v\u1eb9n nh\u1ea5t cho th\u1ebf h\u1ec7 tr\u1ebb em t\u01b0\u01a1ng lai, m\u1ed7i b\u1eefa \u0103n nh\u1ecf c\u1ee7a tr\u1ebb \u0111\u1ec1u nu\u00f4i d\u01b0\u1ee1ng s\u1ee9c kh\u1ecfe, t\u00ecnh y\u00eau thi\u00ean nhi\u00ean v\u00e0 th\u00f3i quen \u0103n u\u1ed1ng t\u00edch c\u1ef1c.<\/p>\n\n\n\n<p><\/p>\n","protected":false},"excerpt":{"rendered":"<p>-Mang \u0111\u1ebfn s\u1ea3n ph\u1ea9m thu\u1ea7n khi\u1ebft v\u00e0 an to\u00e0n tuy\u1ec7t \u0111\u1ed1i cho tr\u1ebb nh\u1ecf, \u0111\u01b0\u1ee3c l\u00e0m t\u1eeb y\u1ebfn m\u1ea1ch v\u00e0 tr\u00e1i c\u00e2y h\u1eefu c\u01a1 t\u1ef1&hellip;<\/p>\n","protected":false},"author":1,"featured_media":0,"parent":0,"menu_order":0,"comment_status":"closed","ping_status":"closed","template":"","meta":{"footnotes":""},"class_list":["post-50","page","type-page","status-publish","hentry"],"yoast_head":"<!-- This site is optimized with the Yoast SEO plugin v26.4 - https:\/\/yoast.com\/wordpress\/plugins\/seo\/ -->\n<title>Gi\u1edbi Thi\u1ec7u - B\u00e9Bii<\/title>\n<meta name=\"robots\" content=\"index, follow, max-snippet:-1, max-image-preview:large, max-video-preview:-1\" \/>\n<link rel=\"canonical\" href=\"https:\/\/bebii.store\/index.php\/gioi-thieu\/\" \/>\n<meta property=\"og:locale\" content=\"vi_VN\" \/>\n<meta property=\"og:type\" content=\"article\" \/>\n<meta property=\"og:title\" content=\"Gi\u1edbi Thi\u1ec7u - B\u00e9Bii\" \/>\n<meta property=\"og:description\" content=\"-Mang \u0111\u1ebfn s\u1ea3n ph\u1ea9m thu\u1ea7n khi\u1ebft v\u00e0 an to\u00e0n tuy\u1ec7t \u0111\u1ed1i cho tr\u1ebb nh\u1ecf, \u0111\u01b0\u1ee3c l\u00e0m t\u1eeb y\u1ebfn m\u1ea1ch v\u00e0 tr\u00e1i c\u00e2y h\u1eefu c\u01a1 t\u1ef1&hellip;\" \/>\n<meta property=\"og:url\" content=\"https:\/\/bebii.store\/index.php\/gioi-thieu\/\" \/>\n<meta property=\"og:site_name\" content=\"B\u00e9Bii\" \/>\n<meta property=\"article:modified_time\" content=\"2025-12-05T06:22:07+00:00\" \/>\n<meta property=\"og:image\" content=\"https:\/\/bebii.store\/wp-content\/uploads\/2025\/12\/z7295017869383_81def3ead47bc0854fd6bf45fddaa8cf-1-scaled.jpg\" \/>\n\t<meta property=\"og:image:width\" content=\"2560\" \/>\n\t<meta property=\"og:image:height\" content=\"1429\" \/>\n\t<meta property=\"og:image:type\" content=\"image\/jpeg\" \/>\n<meta name=\"twitter:card\" content=\"summary_large_image\" \/>\n<meta name=\"twitter:label1\" content=\"\u01af\u1edbc t\u00ednh th\u1eddi gian \u0111\u1ecdc\" \/>\n\t<meta name=\"twitter:data1\" content=\"2 ph\u00fat\" \/>\n<script type=\"application\/ld+json\" class=\"yoast-schema-graph\">{\"@context\":\"https:\/\/schema.org\",\"@graph\":[{\"@type\":\"WebPage\",\"@id\":\"https:\/\/bebii.store\/index.php\/gioi-thieu\/\",\"url\":\"https:\/\/bebii.store\/index.php\/gioi-thieu\/\",\"name\":\"Gi\u1edbi Thi\u1ec7u - B\u00e9Bii\",\"isPartOf\":{\"@id\":\"https:\/\/bebii.store\/#website\"},\"primaryImageOfPage\":{\"@id\":\"https:\/\/bebii.store\/index.php\/gioi-thieu\/#primaryimage\"},\"image\":{\"@id\":\"https:\/\/bebii.store\/index.php\/gioi-thieu\/#primaryimage\"},\"thumbnailUrl\":\"https:\/\/bebii.store\/wp-content\/uploads\/2025\/12\/z7295017869383_81def3ead47bc0854fd6bf45fddaa8cf-1-1024x572.jpg\",\"datePublished\":\"2025-12-05T05:25:45+00:00\",\"dateModified\":\"2025-12-05T06:22:07+00:00\",\"breadcrumb\":{\"@id\":\"https:\/\/bebii.store\/index.php\/gioi-thieu\/#breadcrumb\"},\"inLanguage\":\"vi\",\"potentialAction\":[{\"@type\":\"ReadAction\",\"target\":[\"https:\/\/bebii.store\/index.php\/gioi-thieu\/\"]}]},{\"@type\":\"ImageObject\",\"inLanguage\":\"vi\",\"@id\":\"https:\/\/bebii.store\/index.php\/gioi-thieu\/#primaryimage\",\"url\":\"https:\/\/bebii.store\/wp-content\/uploads\/2025\/12\/z7295017869383_81def3ead47bc0854fd6bf45fddaa8cf-1-scaled.jpg\",\"contentUrl\":\"https:\/\/bebii.store\/wp-content\/uploads\/2025\/12\/z7295017869383_81def3ead47bc0854fd6bf45fddaa8cf-1-scaled.jpg\",\"width\":2560,\"height\":1429},{\"@type\":\"BreadcrumbList\",\"@id\":\"https:\/\/bebii.store\/index.php\/gioi-thieu\/#breadcrumb\",\"itemListElement\":[{\"@type\":\"ListItem\",\"position\":1,\"name\":\"Trang ch\u1ee7\",\"item\":\"https:\/\/bebii.store\/\"},{\"@type\":\"ListItem\",\"position\":2,\"name\":\"Gi\u1edbi Thi\u1ec7u\"}]},{\"@type\":\"WebSite\",\"@id\":\"https:\/\/bebii.store\/#website\",\"url\":\"https:\/\/bebii.store\/\",\"name\":\"B\u00e9Bii\",\"description\":\"\",\"publisher\":{\"@id\":\"https:\/\/bebii.store\/#organization\"},\"potentialAction\":[{\"@type\":\"SearchAction\",\"target\":{\"@type\":\"EntryPoint\",\"urlTemplate\":\"https:\/\/bebii.store\/?s={search_term_string}\"},\"query-input\":{\"@type\":\"PropertyValueSpecification\",\"valueRequired\":true,\"valueName\":\"search_term_string\"}}],\"inLanguage\":\"vi\"},{\"@type\":\"Organization\",\"@id\":\"https:\/\/bebii.store\/#organization\",\"name\":\"B\u00e9Bii\",\"url\":\"https:\/\/bebii.store\/\",\"logo\":{\"@type\":\"ImageObject\",\"inLanguage\":\"vi\",\"@id\":\"https:\/\/bebii.store\/#\/schema\/logo\/image\/\",\"url\":\"https:\/\/bebii.store\/wp-content\/uploads\/2025\/11\/cropped-Gemini_Generated_Image_uc9ffouc9ffouc9f-Photoroom.png\",\"contentUrl\":\"https:\/\/bebii.store\/wp-content\/uploads\/2025\/11\/cropped-Gemini_Generated_Image_uc9ffouc9ffouc9f-Photoroom.png\",\"width\":240,\"height\":160,\"caption\":\"B\u00e9Bii\"},\"image\":{\"@id\":\"https:\/\/bebii.store\/#\/schema\/logo\/image\/\"}}]}<\/script>\n<!-- \/ Yoast SEO plugin. -->","yoast_head_json":{"title":"Gi\u1edbi Thi\u1ec7u - B\u00e9Bii","robots":{"index":"index","follow":"follow","max-snippet":"max-snippet:-1","max-image-preview":"max-image-preview:large","max-video-preview":"max-video-preview:-1"},"canonical":"https:\/\/bebii.store\/index.php\/gioi-thieu\/","og_locale":"vi_VN","og_type":"article","og_title":"Gi\u1edbi Thi\u1ec7u - B\u00e9Bii","og_description":"-Mang \u0111\u1ebfn s\u1ea3n ph\u1ea9m thu\u1ea7n khi\u1ebft v\u00e0 an to\u00e0n tuy\u1ec7t \u0111\u1ed1i cho tr\u1ebb nh\u1ecf, \u0111\u01b0\u1ee3c l\u00e0m t\u1eeb y\u1ebfn m\u1ea1ch v\u00e0 tr\u00e1i c\u00e2y h\u1eefu c\u01a1 t\u1ef1&hellip;","og_url":"https:\/\/bebii.store\/index.php\/gioi-thieu\/","og_site_name":"B\u00e9Bii","article_modified_time":"2025-12-05T06:22:07+00:00","og_image":[{"width":2560,"height":1429,"url":"https:\/\/bebii.store\/wp-content\/uploads\/2025\/12\/z7295017869383_81def3ead47bc0854fd6bf45fddaa8cf-1-scaled.jpg","type":"image\/jpeg"}],"twitter_card":"summary_large_image","twitter_misc":{"\u01af\u1edbc t\u00ednh th\u1eddi gian \u0111\u1ecdc":"2 ph\u00fat"},"schema":{"@context":"https:\/\/schema.org","@graph":[{"@type":"WebPage","@id":"https:\/\/bebii.store\/index.php\/gioi-thieu\/","url":"https:\/\/bebii.store\/index.php\/gioi-thieu\/","name":"Gi\u1edbi Thi\u1ec7u - B\u00e9Bii","isPartOf":{"@id":"https:\/\/bebii.store\/#website"},"primaryImageOfPage":{"@id":"https:\/\/bebii.store\/index.php\/gioi-thieu\/#primaryimage"},"image":{"@id":"https:\/\/bebii.store\/index.php\/gioi-thieu\/#primaryimage"},"thumbnailUrl":"https:\/\/bebii.store\/wp-content\/uploads\/2025\/12\/z7295017869383_81def3ead47bc0854fd6bf45fddaa8cf-1-1024x572.jpg","datePublished":"2025-12-05T05:25:45+00:00","dateModified":"2025-12-05T06:22:07+00:00","breadcrumb":{"@id":"https:\/\/bebii.store\/index.php\/gioi-thieu\/#breadcrumb"},"inLanguage":"vi","potentialAction":[{"@type":"ReadAction","target":["https:\/\/bebii.store\/index.php\/gioi-thieu\/"]}]},{"@type":"ImageObject","inLanguage":"vi","@id":"https:\/\/bebii.store\/index.php\/gioi-thieu\/#primaryimage","url":"https:\/\/bebii.store\/wp-content\/uploads\/2025\/12\/z7295017869383_81def3ead47bc0854fd6bf45fddaa8cf-1-scaled.jpg","contentUrl":"https:\/\/bebii.store\/wp-content\/uploads\/2025\/12\/z7295017869383_81def3ead47bc0854fd6bf45fddaa8cf-1-scaled.jpg","width":2560,"height":1429},{"@type":"BreadcrumbList","@id":"https:\/\/bebii.store\/index.php\/gioi-thieu\/#breadcrumb","itemListElement":[{"@type":"ListItem","position":1,"name":"Trang ch\u1ee7","item":"https:\/\/bebii.store\/"},{"@type":"ListItem","position":2,"name":"Gi\u1edbi Thi\u1ec7u"}]},{"@type":"WebSite","@id":"https:\/\/bebii.store\/#website","url":"https:\/\/bebii.store\/","name":"B\u00e9Bii","description":"","publisher":{"@id":"https:\/\/bebii.store\/#organization"},"potentialAction":[{"@type":"SearchAction","target":{"@type":"EntryPoint","urlTemplate":"https:\/\/bebii.store\/?s={search_term_string}"},"query-input":{"@type":"PropertyValueSpecification","valueRequired":true,"valueName":"search_term_string"}}],"inLanguage":"vi"},{"@type":"Organization","@id":"https:\/\/bebii.store\/#organization","name":"B\u00e9Bii","url":"https:\/\/bebii.store\/","logo":{"@type":"ImageObject","inLanguage":"vi","@id":"https:\/\/bebii.store\/#\/schema\/logo\/image\/","url":"https:\/\/bebii.store\/wp-content\/uploads\/2025\/11\/cropped-Gemini_Generated_Image_uc9ffouc9ffouc9f-Photoroom.png","contentUrl":"https:\/\/bebii.store\/wp-content\/uploads\/2025\/11\/cropped-Gemini_Generated_Image_uc9ffouc9ffouc9f-Photoroom.png","width":240,"height":160,"caption":"B\u00e9Bii"},"image":{"@id":"https:\/\/bebii.store\/#\/schema\/logo\/image\/"}}]}},"jetpack_sharing_enabled":true,"_links":{"self":[{"href":"https:\/\/bebii.store\/index.php\/wp-json\/wp\/v2\/pages\/50","targetHints":{"allow":["GET"]}}],"collection":[{"href":"https:\/\/bebii.store\/index.php\/wp-json\/wp\/v2\/pages"}],"about":[{"href":"https:\/\/bebii.store\/index.php\/wp-json\/wp\/v2\/types\/page"}],"author":[{"embeddable":true,"href":"https:\/\/bebii.store\/index.php\/wp-json\/wp\/v2\/users\/1"}],"replies":[{"embeddable":true,"href":"https:\/\/bebii.store\/index.php\/wp-json\/wp\/v2\/comments?post=50"}],"version-history":[{"count":3,"href":"https:\/\/bebii.store\/index.php\/wp-json\/wp\/v2\/pages\/50\/revisions"}],"predecessor-version":[{"id":129,"href":"https:\/\/bebii.store\/index.php\/wp-json\/wp\/v2\/pages\/50\/revisions\/129"}],"wp:attachment":[{"href":"https:\/\/bebii.store\/index.php\/wp-json\/wp\/v2\/media?parent=50"}],"curies":[{"name":"wp","href":"https:\/\/api.w.org\/{rel}","templated":true}]}}